ose 0 = 4*b + 2*c - 14, -4*c = -0*c + 12. Suppose -5*x + b = -15. Suppose -4*d = o, 0 = o - 3*d - x - 3. Calculate the highest common divisor of 40 and o.
4
Suppose -19 = -5*t + 776. Calculate the highest common factor of 53 and t.
53
Let b be (-2)/11 + 2456/(-44). Let y = b + 101. Suppose 5*m = -0*m + y. Calculate the greatest common factor of 1 and m.
1
Let s(t) = -12*t - 12. Let d be s(-3). Let l = 37 - d. Let n(p) = -3*p + 8. Let v be n(-6). What is the highest common factor of v and l?
13
Let r be 1*82 - (-147)/49. What is the highest common factor of 34 and r?
17
Suppose 4*j - 4 = 17*l - 21*l, -8 = 4*j. Suppose -8 = -4*i - 0. Suppose k + f - i = 0, 4*k = -0*k + 3*f + 15. What is the highest common divisor of k and l?
3
Suppose v = -4*l + 31, 0 = 2*v - 6*v - 3*l + 85. Suppose -v = -3*x - 4. Suppose w + 20 = 3*w. Calculate the highest common divisor of x and w.
5
Let d be 1064/(-16) - 6*2/8. Let i = -65 - d. Calculate the greatest common factor of 3 and i.
3
Let v(l) = -8*l + 16. Let r be 6/(-15)*15/(-3). Suppose 0*x + 5*x - r*p = -70, 4*x + 56 = 3*p. Let z be v(x). Calculate the highest common divisor of z and 16.
16
Let p be ((-11)/33)/(2/(-114)). Let k = 41 - p. What is the highest common divisor of k and 110?
22
Let q = 43 + 37. Suppose 205*s + 5800 = 234*s. What is the greatest common divisor of s and q?
40
Let a = -130 + 85. Let u be (-2256)/a - (-12)/(-90). Let t be u*(6 + -4 + 2). What is the greatest common divisor of 25 and t?
25
Let w = -1822 + 1829. Suppose 3*z - 22 = -73. Let p = -10 - z. What is the highest common factor of w and p?
7
Suppose 24 = -4*g + 528. Calculate the greatest common divisor of 12 and g.
6
Suppose 11 - 41 = -6*a. Calculate the highest common factor of a and 2.
1
Let c be (-280)/(-70)*(-1)/(-4). Let x = 13 - 4. Calculate the highest common factor of c and x.
1
Let s be 9 + (-3 - 2/(-2)). Suppose -2*q - 21 = -5*q. What is the greatest common divisor of q and s?
7
Suppose 0 = 5*z - f - 4*f - 25, f = -z + 15. Let v be (156/z)/(9/(-30)). Let i be v/(-9) - (-10)/45. What is the highest common divisor of i and 30?
6
Suppose -70 - 230 = -6*q. Calculate the greatest common factor of q and 70.
10
Let n be (5 - (-17 - -28))/((-6)/32). What is the highest common factor of n and 40?
8
Let p be 32/7 + 9/21. Suppose -3*c + 202 = z, c + 978 = p*z - 0*z. What is the highest common factor of z and 28?
28
Suppose 2978 + 1522 = 6*q. Suppose 12*z = -3*z + q. Calculate the greatest common divisor of 20 and z.
10
Suppose -5*t = -4*t - 12. Let b be (t/(-8))/((-6)/128). What is the highest common factor of 224 and b?
32
Let b(c) = 298*c**3 - 2*c**2 + c. Let t be b(1). Let i = -32 - -32. Let k be i/((-2)/(-1)) - -33. What is the highest common factor of t and k?
33
Let h(w) = -w**3 + 7*w**2 + 8*w. Let g be h(8). Suppose g = 5*d + 162 - 382. What is the highest common factor of d and 22?
22
Let l = 49 - 45. Let c be (3 - -1)/l*16. Calculate the greatest common divisor of 64 and c.
16
Let r be (-3*1)/((-6)/(-68)). Let j = -18 - r. Let u be (-3)/15 - 1206/(-30). What is the greatest common divisor of u and j?
8
Suppose 5*o - 310 - 5045 = 0. What is the highest common factor of o and 63?
63
Let u(k) = -k**3 + 5*k**2 + 15*k - 1. Let w be u(7). Suppose -w*r + r + 5 = 0. What is the greatest common divisor of r and 7?
1
Let c(n) = 2*n - 3. Let s be c(7). Suppose -154 = -8*v - 6*v. Calculate the highest common divisor of s and v.
11
Let v be (-110)/6*(-17 + 14). Let o = 8 - -3. What is the greatest common divisor of o and v?
11
Let h be (42 - 7)*(-3)/(-5). Let k be 1914/h + (-3)/21. Let l = 17 - 4. Calculate the highest common divisor of l and k.
13
Suppose w + 43 = 4*u, w - 2*w = -5*u + 54. Let g = 7444 + -7356. Calculate the greatest common factor of g and u.
11
Suppose -3*j - 9 = 0, 2*a + a - 51 = -4*j. What is the greatest common factor of a and 49?
7
Let c = -206 - -225. Let g(w) = 2 + 3*w**2 - 2*w**2 - 9 + 1. Let j be g(-5). What is the greatest common factor of c and j?
19
Let y(j) = 2*j**2 - 78*j + 167. Let b be y(38). Suppose 0 = n - 0*n - 13. What is the greatest common divisor of b and n?
13
Let y = 1634 - 1606. Calculate the highest common factor of y and 3556.
28
Let r(g) = -13*g + 21 - 12*g + 26*g. Let q be r(-11). Calculate the greatest common divisor of q and 2.
2
Suppose -20217 = -10*h + 7623. What is the highest common divisor of h and 192?
96
Suppose 2*n + x = 183, 2*x + 292 = 29*n - 26*n. Calculate the greatest common factor of n and 329.
47
Let k = -105 - -361. What is the highest common divisor of k and 4?
4
Let k be (-11)/(77/(-42)) - -74. Calculate the highest common divisor of 50 and k.
10
Let i = 10 - -1. Let c be (0 - -3) + (i - -1). Let f(k) = 4*k - 13. Let x be f(7). What is the greatest common factor of x and c?
15
Suppose -w + 1 = -1. Suppose -w*n + 130 = -4*x, -n - 3*x + 33 = -32. Calculate the highest common divisor of n and 26.
13
Let g = 32 - 30. Suppose 2*z = 5*l - 39, l + 2*z - 33 = -g*l. What is the highest common divisor of 36 and l?
9
Suppose 0*v + 3*x + 15 = 2*v, 5*x = 15. Let a = -11 + v. What is the greatest common divisor of a and 2?
1
Let q(c) = -2*c**2 + 66*c - 404. Let w be q(22). Let j be -18*30/(-9)*2. Calculate the greatest common factor of j and w.
40
Let n(x) = -x. Let f(c) = -10*c - 10. Let i(v) = f(v) - 2*n(v). Let y be i(-4). Calculate the greatest common factor of 44 and y.
22
Let g(s) = s**2 - 24*s + 46. Let l be g(22). Let b = 0 + 4. Suppose b*k - 32 = 2*k. Calculate the highest common factor of l and k.
2
Let y = 543 - 535. What is the greatest common divisor of 152 and y?
8
Let p = 57 + -61. Let i = p + 28. Let h be ((-2)/4)/((-1)/6). What is the greatest common divisor of h and i?
3
Let w = 10040 + -10026. Let s(l) = -13*l + 3. Let n be s(-3). What is the greatest common factor of w and n?
14
Let m = 238 + -235. Calculate the highest common factor of m and 48.
3
Let p = -322 + 444. Calculate the greatest common factor of 61 and p.
61
Let m(j) = 33*j**2 + 9*j + 26. Let g be m(-3). What is the highest common divisor of g and 74?
74
Let x(c) = c**2 + 11*c + 22. Let g be x(-9). Suppose -22 - g = -u. Calculate the greatest common divisor of u and 26.
26
Let a(k) = -19*k + 5. Let o be a(-1). Calculate the highest common divisor of 8 and o.
8
Let i = 50 - 20. Let l be (-28)/(-8)*(3 + 3). Suppose 12 = l*g - 19*g. What is the greatest common divisor of i and g?
6
Let f be (-2)/(3 + 1)*-6. Suppose 3*r - 9 = f, 5*r - 20 = -5*o. Suppose o = -b + 5*x - 9, b = -4*b - 3*x + 67. Calculate the greatest common factor of 77 and b.
11
Let b(y) = y**2 + 3. Let p be b(-4). Let h = -14 + p. Suppose -10 = -h*o, 4*o + 22 = -u + 3*u. Calculate the highest common divisor of u and 60.
15
Let w(a) = -a**2 + 11*a - 7. Let v be w(10). Suppose s - v = 10. What is the highest common divisor of 65 and s?
13
Suppose 0 = 4*s - 5*c - 25, 3*s - c - 4*c = 25. Let h(y) = -7*y + 9 + y**2 - 2*y + 7*y. Let i be h(s). Calculate the highest common factor of 18 and i.
9
Let s be 2/6 - 22/(-6). Let f be -5*19/10*-2. Let o = -18 + f. Calculate the highest common divisor of s and o.
1
Let y be (0 + 0 + 1)*2. Let w(d) = 7*d**3 + 2*d**2 + d - 2. Let j be w(1). What is the greatest common divisor of y and j?
2
Let y = 62 + -40. Let z = 2 + 1. Suppose -3*s = z*i - 156, 3*s - 171 = i + i. Calculate the highest common divisor of y and s.
11
Suppose 3*a = 6*a - 60. Suppose -9*q + 801 + 270 = 0. Let h = -89 + q. Calculate the greatest common factor of h and a.
10
Suppose 4*h - 84 = -4*v, -5*h = -3*h - 4*v - 12. Let f = -1313 + 1852. Let g = f - 363. What is the highest common factor of h and g?
16
Let m be (2 - (-36)/(-14))/(18/(-315)). Calculate the highest common divisor of m and 6.
2
Let g = 322 + -194. Let d(h) = 107*h + 4831. Let s be d(-45). What is the greatest common divisor of g and s?
16
Let x = 583 + -478. Calculate the highest common factor of 168 and x.
21
Suppose 7*s = 833 + 2975. Calculate the highest common divisor of 17 and s.
17
Let z be 6/(-4)*(-32)/(-12). Let i be ((-25)/z)/(3/12). Calculate the highest common divisor of i and 10.
5
Let b be (20 - -6)/((-1)/(-32)). Calculate the highest common divisor of b and 26.
26
Let s(u) = -u**3 + 5*u**2 - 6*u + 9. Let a be s(4). Suppose 0 = 3*g - 8 - a, -k - g = -23. Su